17 + -623. Calculate the remainder when 69 is divided by ((-48)/a)/((-1)/3*-2).
9
Let w = -201 - -159. Calculate the remainder when -77*(28/w)/(2/3) is divided by 10.
7
Let x = -3269 + 3300. What is the remainder when 1237 is divided by x?
28
Let o = -121 + 155. What is the remainder when 881 is divided by o?
31
Let y(w) = w**2 + 2*w + 4. Let o be y(-4). Let f(s) = -2358*s - 2346. Calculate the remainder when 4/o + (-140)/(-3) is divided by f(-1).
11
Suppose 0*b + 3*b - 651 = 0. Suppose 6*q - 6 = 0, -3*q + 8*q - 25 = -y. What is the remainder when b is divided by y?
17
What is the remainder when 3190 is divided by 21/126*90 + 9?
22
Let v(x) = 2*x**2 + 6*x - 37. Let i be v(8). Let w = -40 + i. Calculate the remainder when w is divided by 25.
24
Let v = 78 - 76. Suppose -64 = v*m - 4*m. Let g = 44 - m. Calculate the remainder when 47 is divided by g.
11
Suppose -2*f = -5*c - 42, 3*c - 7 = -f - 8. Suppose -347 = -f*l + 379. Suppose -2*v + 23 = -5. What is the remainder when l is divided by v?
10
Let x = 21531 + -20281. What is the remainder when x is divided by 46?
8
Let k(f) = -12*f + 157. Suppose 29 = 4*j - 5*c, 4*c - 57 = -4*j - 1. Calculate the remainder when 32 is divided by k(j).
7
Suppose -165*z = -357*z + 168*z + 4992. Calculate the remainder when z is divided by 106.
102
Let a be (-2)/2 - (-10)/2. Calculate the remainder when 40 is divided by (-9)/a*(-320)/48.
10
Suppose 0 = -z + 4 - 1114. Let v = 12 - 1. What is the remainder when (-4)/22 - 7/(385/z) is divided by v?
9
Suppose 5*k = -4*s + 317, 2*k - 46 = -52. What is the remainder when 1345 is divided by s?
17
Suppose -b - 35 = -36, 3*h = -b + 3295. Calculate the remainder when h is divided by 138.
132
What is the remainder when 205 is divided by -14 - (-7 + -171 + -11)?
30
Let q(o) be the third derivative of o**5/20 + o**3 + 56*o**2. Calculate the remainder when 70 is divided by q(2).
16
What is the remainder when 2746 is divided by ((-7)/35 + (-560)/75 + 6)*-15?
21
Suppose 224*c = 144699 - 8859 + 59040. Calculate the remainder when 2617 is divided by c.
7
Suppose 0*j + 4 = 2*j. Suppose 0 = -q + j*m - 16, -3*q - m - m - 24 = 0. Let k = 23 + q. Calculate the remainder when k is divided by 7.
6
Suppose -675 = 3*l - 699. What is the remainder when 4/(-16) - 426/(-8) is divided by l?
5
Suppose -q - 2*q = -6. Suppose w - 5*y + 12 = 0, 6*w + 3*y = 4*w - 89. Calculate the remainder when (w/q)/((-15)/30) is divided by 13.
11
Let b be ((-25)/(-5) - 4)*22/2. Suppose -20*j = -18*j + 5*d - b, 2*j = -4*d + 16. What is the remainder when 36 is divided by j?
0
Let b(h) = -2*h**2 + 482*h + 103. What is the remainder when b(86) is divided by 18?
15
What is the remainder when (2 - -309) + 1 + 3 is divided by 10?
5
Let z = 44 - 29. Suppose -15*s - 1314 = 2001. Let a = 249 + s. Calculate the remainder when a is divided by z.
13
Let n(g) = 12*g**2 - 78 - 2*g + 248 - 7*g - 114 - 104. Calculate the remainder when n(-4) is divided by 13.
11
Let s = -640 - -642. Suppose 282 - 92 = s*d. What is the remainder when d is divided by (8/5)/((-3)/(-60))?
31
Calculate the remainder when -3 - 3/((-3)/100) is divided by (-39)/(-1 + 8/128*-8).
19
Let r(x) = -7*x - 126. What is the remainder when 1453 is divided by r(-22)?
25
Suppose -818 = 3*y - 848. Suppose 14*v = -6*v + 880. What is the remainder when v is divided by y?
4
Suppose -21*t - 5*t = -7223 - 2501. What is the remainder when 750 is divided by t?
2
Let p = -294 - -294. Suppose 0 = -p*y + y - 4*z - 20, z + 104 = 3*y. Let l(k) = k**3 + 12*k**2 - 18*k + 6. What is the remainder when l(-13) is divided by y?
35
Suppose 0*f = -4*f + 36. Let c(t) = 23*t + 11 - 34*t + 18*t + 3*t**2. What is the remainder when c(-4) is divided by f?
4
Let l be (-4)/10 - (-22)/5. What is the remainder when (66 - 48)*(18/l + 0) is divided by 18?
9
What is the remainder when 312 is divided by 5/((-450)/(-40)) + (-460)/(-18)?
0
Let g(r) be the first derivative of -r**4/2 + 32*r**3/3 - 14*r**2 - 6*r + 184. What is the remainder when 83 is divided by g(15)?
11
Suppose 94*j - 96*j + 12084 = i, 3*j - 18117 = -3*i. Calculate the remainder when j is divided by 108.
105
Let n = 172 - -41. Suppose 2*j - 46 = 5*y - 6*y, 0 = j + 4*y - 16. Calculate the remainder when n is divided by j.
21
Suppose 16*j = -7*j - 115. What is the remainder when j/15 + (-3966)/(-18) is divided by 28?
24
Suppose -4*s - 4*r = -476, -6*s - r - 565 = -11*s. What is the remainder when 1139 is divided by s?
113
Let n = -621 - -621. Suppose -4*j - 5*k + 103 = 0, 4*j + 32 = 4*k + 144. Calculate the remainder when j is divided by 11 + -13 - (76 - n)/(-4).
10
Let r(v) = 4*v**2 - 10*v - 16. Calculate the remainder when r(10) is divided by 5643/66*(56/12)/7.
56
Suppose -3*m = 2*m - 2*n - 17, -2*n - 11 = -3*m. Suppose -z - 703 = -m*j + z, 2*z = 2. Calculate the remainder when j is divided by 34.
31
Suppose 3*h + 31 = 1. Let d = -5 - h. What is the remainder when 4/10*(-3 + 1) + 112608/3910 is divided by d?
3
Let b = -5379 + 5416. Calculate the remainder when 4032 is divided by b.
36
Suppose 4*m = 3*i + 2*i + 1975, -5*m + 2474 = -i. Suppose 4*c - 3*n = 643, 3*c = -3*n + n + m. Let q = c - 86. Calculate the remainder when q is divided by 16.
13
Suppose 6*o - 4*o = 6. Let h(w) = 84*w - 32. Let j be h(7). Suppose -o*g - g = -j. What is the remainder when g is divided by 35?
34
Suppose 0*v + 525 = 3*v - 3*z, -493 = -3*v - 5*z. Suppose -2*d + 81 = 5*p, -4*p = -308*d + 311*d - 146. Calculate the remainder when v is divided by d.
55
Suppose -224 = -12*y - 4*y. What is the remainder when 101 is divided by (-9)/6*(y + -16)?
2
Let o(b) = -b**2 + 81*b - 1398. What is the remainder when o(26) is divided by 8?
0
Let m(b) = -b - 5. Let x be m(-6). Suppose 3*j + f = 3*f + 106, j = -5*f + 41. What is the remainder when 83 is divided by x*3 + (19 - j/(-6))?
27
Let o = 1788 + -1020. Suppose -177*m = -171*m - o. What is the remainder when m is divided by 11?
7
Suppose -22*s + 5248 + 14750 = 0. What is the remainder when s is divided by 274?
87
Suppose t - 5*m - 4 = 14, -3*m = 4*t - 3. Suppose 136 = 4*j - 4*o, 5*j - 3*o - 1192 = -1036. What is the remainder when j is divided by t?
0
Suppose -2*g - 3*w = 2*w + 45, g - 4*w = -16. Calculate the remainder when 660/176*g/(-3) is divided by 7.
4
Let a be 285/2 + (-2)/(-4). Suppose -6*x = -a - 91. What is the remainder when 11 - 140*(-9 - -8) is divided by x?
34
Let r(d) = d**2 - 26*d + 74. Let u be r(23). Suppose 5*m = u*j + 85 + 230, -5*m + j + 319 = 0. What is the remainder when 171 is divided by m?
43
Calculate the remainder when 576 is divided by 291 + 24/(-18)*(-99)/12.
274
Let g = 147 - 87. What is the remainder when g is divided by 65/(81/(-9) - -14)?
8
Let z = 4747 + -4369. Suppose 5*k - 2*k = -j + 26, -50 = -3*j + 5*k. What is the remainder when z is divided by j?
18
Let i be (-51)/(-3) - 1*0/(-1). Suppose -3*t + 19*o + 47 = i*o, 5*t = o + 76. What is the remainder when 66 is divided by t?
6
What is the remainder when 242 is divided by (2 - -6)/((-56)/(-140) + 16/10)?
2
Let o = 875 + -864. What is the remainder when (-10)/(-4)*(-104)/(-5) is divided by o?
8
Calculate the remainder when (0 - 460/(-6))/((-4)/(-18)) is divided by 4.
1
Let h(l) = 2*l**3 - 2*l**2 + 2*l - 3. Let k be 2469/8 - (-9)/24. Suppose 0 = -12*j + k + 3. Calculate the remainder when j is divided by h(2).
8
Suppose -28*w + 246 = -26886. What is the remainder when w is divided by 139?
135
Let p = -10910 + 11746. What is the remainder when p is divided by 208?
4
Suppose -264*l + 99*l + 2145 = 0. What is the remainder when 8668 is divided by l?
10
Let j = 3472 + -3404. What is the remainder when j is divided by 40?
28
Let k be 3/(-6)*26*(-7 - -6). Suppose -2*a + 1 = -k. Calculate the remainder when 125 is divided by a.
6
Suppose 0 = -2*g + 282 + 230. Suppose 78*w = 17*w. Suppose -z = 5*k - 304, 4*k + 0*k + 4*z - g = w. Calculate the remainder when k is divided by 17.
9
Let q be (((-14)/56)/((-1)/(-4)))/1. What is the remainder when 8 is divided by q/(1/(-6)*63/84)?
0
Let s(x) = -2*x. Let t be s(0). Suppose t = -3*j + 454 - 1. Suppose 119 = -11*d + 18*d. Calculate the remainder when j is divided by d.
15
Suppose 0 = -36*w + 33*w + 6. Suppose 0 = -4*n + w*n + 22. What is the remainder when 73 is divided by n?
7
Suppose -3*w + 62*w - 